{"id":2,"date":"2022-11-10T15:15:42","date_gmt":"2022-11-10T15:15:42","guid":{"rendered":"https:\/\/saboresdemihuerto.cl\/?page_id=2"},"modified":"2022-11-19T03:45:00","modified_gmt":"2022-11-19T03:45:00","slug":"sample-page","status":"publish","type":"page","link":"https:\/\/saboresdemihuerto.cl\/","title":{"rendered":"Sabores de Mi Huerto"},"content":{"rendered":"\n<p class=\"has-text-align-justify\">Somos  una peque\u00f1a empresa de agroelaborados  ubicados en el valle de Angol.           Nuestra materia prima es producida en nuestra parcela con un manejo lo mas cercano a lo org\u00e1nico usando controles con productos amigables al medio ambiente.<\/p>\n\n\n\n<p>NUESTRA POL\u00cdTICA<\/p>\n\n\n\n<p class=\"has-text-align-justify\">Crear nuevos productos para satisfacer nuevos gustos y necesidades del cliente.<\/p>\n\n\n\n<p>NUESTROS PRODUCTOS<\/p>\n\n\n\n<blockquote class=\"wp-block-quote is-layout-flow wp-block-quote-is-layout-flow\">\n<p class=\"has-text-align-justify\">Estamos orientados a los productos de categor\u00eda gourmet con la producci\u00f3n de pastas de aj\u00ed ahumado, aj\u00ed verde, cacho de cabra ; pasta de pimiento morr\u00f3n, pasta de ajo,  salsa de cilantro, mermeladas de morr\u00f3n, de naranja con aj\u00ed, y otras<\/p>\n<\/blockquote>\n\n\n\n<figure class=\"wp-block-gallery has-nested-images columns-default is-cropped wp-block-gallery-1 is-layout-flex wp-block-gallery-is-layout-flex\">\n<figure class=\"wp-block-image size-large\"><img loading=\"lazy\" decoding=\"async\" width=\"768\" height=\"1024\" data-id=\"18\" src=\"https:\/\/saboresdemihuerto.cl\/wp-content\/uploads\/2022\/11\/IMG_20210120_072829072-768x1024.jpg\" alt=\"\" class=\"wp-image-18\" srcset=\"https:\/\/saboresdemihuerto.cl\/wp-content\/uploads\/2022\/11\/IMG_20210120_072829072-768x1024.jpg 768w, https:\/\/saboresdemihuerto.cl\/wp-content\/uploads\/2022\/11\/IMG_20210120_072829072-225x300.jpg 225w, https:\/\/saboresdemihuerto.cl\/wp-content\/uploads\/2022\/11\/IMG_20210120_072829072-1152x1536.jpg 1152w, https:\/\/saboresdemihuerto.cl\/wp-content\/uploads\/2022\/11\/IMG_20210120_072829072-1536x2048.jpg 1536w, https:\/\/saboresdemihuerto.cl\/wp-content\/uploads\/2022\/11\/IMG_20210120_072829072-scaled.jpg 1920w\" sizes=\"auto, (max-width: 768px) 100vw, 768px\" \/><figcaption class=\"wp-element-caption\">Pasta Aj\u00ed Verde<\/figcaption><\/figure>\n\n\n\n<figure class=\"wp-block-image size-large\"><img loading=\"lazy\" decoding=\"async\" width=\"768\" height=\"1024\" data-id=\"15\" src=\"https:\/\/saboresdemihuerto.cl\/wp-content\/uploads\/2022\/11\/AJI-AHUMADO1-768x1024.jpeg\" alt=\"\" class=\"wp-image-15\" srcset=\"https:\/\/saboresdemihuerto.cl\/wp-content\/uploads\/2022\/11\/AJI-AHUMADO1-768x1024.jpeg 768w, https:\/\/saboresdemihuerto.cl\/wp-content\/uploads\/2022\/11\/AJI-AHUMADO1-225x300.jpeg 225w, https:\/\/saboresdemihuerto.cl\/wp-content\/uploads\/2022\/11\/AJI-AHUMADO1.jpeg 960w\" sizes=\"auto, (max-width: 768px) 100vw, 768px\" \/><figcaption class=\"wp-element-caption\">Pasta Aj\u00ed Ahumado<\/figcaption><\/figure>\n\n\n\n<figure class=\"wp-block-image size-large\"><img loading=\"lazy\" decoding=\"async\" width=\"768\" height=\"1024\" data-id=\"14\" src=\"https:\/\/saboresdemihuerto.cl\/wp-content\/uploads\/2022\/11\/MERMELADA-AJINARANPINA-768x1024.jpeg\" alt=\"\" class=\"wp-image-14\" srcset=\"https:\/\/saboresdemihuerto.cl\/wp-content\/uploads\/2022\/11\/MERMELADA-AJINARANPINA-768x1024.jpeg 768w, https:\/\/saboresdemihuerto.cl\/wp-content\/uploads\/2022\/11\/MERMELADA-AJINARANPINA-225x300.jpeg 225w, https:\/\/saboresdemihuerto.cl\/wp-content\/uploads\/2022\/11\/MERMELADA-AJINARANPINA.jpeg 960w\" sizes=\"auto, (max-width: 768px) 100vw, 768px\" \/><figcaption class=\"wp-element-caption\">Mermelada de Aj\u00ednaranpi\u00f1a<\/figcaption><\/figure>\n\n\n\n<figure class=\"wp-block-image size-large\"><img loading=\"lazy\" decoding=\"async\" width=\"768\" height=\"1024\" data-id=\"12\" src=\"https:\/\/saboresdemihuerto.cl\/wp-content\/uploads\/2022\/11\/SALSA-CILANTRO-768x1024.jpeg\" alt=\"\" class=\"wp-image-12\" srcset=\"https:\/\/saboresdemihuerto.cl\/wp-content\/uploads\/2022\/11\/SALSA-CILANTRO-768x1024.jpeg 768w, https:\/\/saboresdemihuerto.cl\/wp-content\/uploads\/2022\/11\/SALSA-CILANTRO-225x300.jpeg 225w, https:\/\/saboresdemihuerto.cl\/wp-content\/uploads\/2022\/11\/SALSA-CILANTRO.jpeg 960w\" sizes=\"auto, (max-width: 768px) 100vw, 768px\" \/><figcaption class=\"wp-element-caption\">Salsa de Cilantro<\/figcaption><\/figure>\n\n\n\n<figure class=\"wp-block-image size-large\"><img loading=\"lazy\" decoding=\"async\" width=\"768\" height=\"1024\" data-id=\"13\" src=\"https:\/\/saboresdemihuerto.cl\/wp-content\/uploads\/2022\/11\/MERMELADA-DE-MORRON-768x1024.jpeg\" alt=\"\" class=\"wp-image-13\" srcset=\"https:\/\/saboresdemihuerto.cl\/wp-content\/uploads\/2022\/11\/MERMELADA-DE-MORRON-768x1024.jpeg 768w, https:\/\/saboresdemihuerto.cl\/wp-content\/uploads\/2022\/11\/MERMELADA-DE-MORRON-225x300.jpeg 225w, https:\/\/saboresdemihuerto.cl\/wp-content\/uploads\/2022\/11\/MERMELADA-DE-MORRON.jpeg 960w\" sizes=\"auto, (max-width: 768px) 100vw, 768px\" \/><figcaption class=\"wp-element-caption\">Mermelada de Morr\u00f3n<\/figcaption><\/figure>\n\n\n\n<figure class=\"wp-block-image size-large\"><img loading=\"lazy\" decoding=\"async\" width=\"768\" height=\"1024\" data-id=\"11\" src=\"https:\/\/saboresdemihuerto.cl\/wp-content\/uploads\/2022\/11\/IMG_20210305_095045345-768x1024.jpg\" alt=\"\" class=\"wp-image-11\" srcset=\"https:\/\/saboresdemihuerto.cl\/wp-content\/uploads\/2022\/11\/IMG_20210305_095045345-768x1024.jpg 768w, https:\/\/saboresdemihuerto.cl\/wp-content\/uploads\/2022\/11\/IMG_20210305_095045345-225x300.jpg 225w, https:\/\/saboresdemihuerto.cl\/wp-content\/uploads\/2022\/11\/IMG_20210305_095045345-1152x1536.jpg 1152w, https:\/\/saboresdemihuerto.cl\/wp-content\/uploads\/2022\/11\/IMG_20210305_095045345-1536x2048.jpg 1536w, https:\/\/saboresdemihuerto.cl\/wp-content\/uploads\/2022\/11\/IMG_20210305_095045345-scaled.jpg 1920w\" sizes=\"auto, (max-width: 768px) 100vw, 768px\" \/><figcaption class=\"wp-element-caption\">Pasta Aj\u00ed Cristal temporada<\/figcaption><\/figure>\n\n\n\n<figure class=\"wp-block-image size-large\"><img loading=\"lazy\" decoding=\"async\" width=\"1024\" height=\"768\" data-id=\"9\" src=\"https:\/\/saboresdemihuerto.cl\/wp-content\/uploads\/2022\/11\/20191208_104634-1024x768.jpg\" alt=\"\" class=\"wp-image-9\" srcset=\"https:\/\/saboresdemihuerto.cl\/wp-content\/uploads\/2022\/11\/20191208_104634-1024x768.jpg 1024w, https:\/\/saboresdemihuerto.cl\/wp-content\/uploads\/2022\/11\/20191208_104634-300x225.jpg 300w, https:\/\/saboresdemihuerto.cl\/wp-content\/uploads\/2022\/11\/20191208_104634-768x576.jpg 768w, https:\/\/saboresdemihuerto.cl\/wp-content\/uploads\/2022\/11\/20191208_104634-1536x1152.jpg 1536w, https:\/\/saboresdemihuerto.cl\/wp-content\/uploads\/2022\/11\/20191208_104634-2048x1536.jpg 2048w\" sizes=\"auto, (max-width: 1024px) 100vw, 1024px\" \/><figcaption class=\"wp-element-caption\">Salsa de Cilantro<\/figcaption><\/figure>\n\n\n\n<figure class=\"wp-block-image size-large\"><img loading=\"lazy\" decoding=\"async\" width=\"768\" height=\"1024\" data-id=\"8\" src=\"https:\/\/saboresdemihuerto.cl\/wp-content\/uploads\/2022\/11\/20190507_133915-768x1024.jpg\" alt=\"\" class=\"wp-image-8\" srcset=\"https:\/\/saboresdemihuerto.cl\/wp-content\/uploads\/2022\/11\/20190507_133915-768x1024.jpg 768w, https:\/\/saboresdemihuerto.cl\/wp-content\/uploads\/2022\/11\/20190507_133915-225x300.jpg 225w, https:\/\/saboresdemihuerto.cl\/wp-content\/uploads\/2022\/11\/20190507_133915-1152x1536.jpg 1152w, https:\/\/saboresdemihuerto.cl\/wp-content\/uploads\/2022\/11\/20190507_133915-1536x2048.jpg 1536w, https:\/\/saboresdemihuerto.cl\/wp-content\/uploads\/2022\/11\/20190507_133915-scaled.jpg 1920w\" sizes=\"auto, (max-width: 768px) 100vw, 768px\" \/><figcaption class=\"wp-element-caption\">Pasta Aj\u00ed ahumado<\/figcaption><\/figure>\n<\/figure>\n\n\n\n<p><\/p>\n\n\n\n<p> <strong>Email:  contacto@saboresdemihuerto.cl <\/strong> <\/p>\n\n\n\n<p>INSTAGRAM : SABORES_DE_MI_HUERTO_GOURMET<\/p>\n","protected":false},"excerpt":{"rendered":"<p>Somos una peque\u00f1a empresa de agroelaborados ubicados en el valle de Angol. Nuestra materia prima es producida en nuestra parcela con un manejo lo mas cercano a lo org\u00e1nico usando controles con productos amigables al medio ambiente. NUESTRA POL\u00cdTICA Crear nuevos productos para satisfacer&#8230;<\/p>\n","protected":false},"author":1,"featured_media":0,"parent":0,"menu_order":0,"comment_status":"closed","ping_status":"closed","template":"","meta":{"footnotes":""},"class_list":["post-2","page","type-page","status-publish","hentry"],"jetpack_sharing_enabled":true,"_links":{"self":[{"href":"https:\/\/saboresdemihuerto.cl\/index.php\/wp-json\/wp\/v2\/pages\/2","targetHints":{"allow":["GET"]}}],"collection":[{"href":"https:\/\/saboresdemihuerto.cl\/index.php\/wp-json\/wp\/v2\/pages"}],"about":[{"href":"https:\/\/saboresdemihuerto.cl\/index.php\/wp-json\/wp\/v2\/types\/page"}],"author":[{"embeddable":true,"href":"https:\/\/saboresdemihuerto.cl\/index.php\/wp-json\/wp\/v2\/users\/1"}],"replies":[{"embeddable":true,"href":"https:\/\/saboresdemihuerto.cl\/index.php\/wp-json\/wp\/v2\/comments?post=2"}],"version-history":[{"count":8,"href":"https:\/\/saboresdemihuerto.cl\/index.php\/wp-json\/wp\/v2\/pages\/2\/revisions"}],"predecessor-version":[{"id":79,"href":"https:\/\/saboresdemihuerto.cl\/index.php\/wp-json\/wp\/v2\/pages\/2\/revisions\/79"}],"wp:attachment":[{"href":"https:\/\/saboresdemihuerto.cl\/index.php\/wp-json\/wp\/v2\/media?parent=2"}],"curies":[{"name":"wp","href":"https:\/\/api.w.org\/{rel}","templated":true}]}}